. What is the tens digit of l?
0
Suppose -2*n + 12 = n. Suppose 2*g = d + 31, -n*d = -4*g + 58 - 2. What is the tens digit of g?
1
Let x(g) = 12*g**2 + 1. Let n = 4 - 3. What is the tens digit of x(n)?
1
Suppose 11*y - 2844 = 2*y. What is the hundreds digit of y?
3
Let v(j) = -5*j**2 + 3*j - 5. Let d(h) = -4*h**2 + 4*h - 5. Let a(l) = -4*d(l) + 3*v(l). What is the tens digit of a(8)?
1
Let v = 23 + 81. What is the hundreds digit of v?
1
Let w(l) = 20*l - 35. What is the hundreds digit of w(11)?
1
Let l be 6/4*(-224)/6. Let p = -22 - l. What is the units digit of p?
4
Let m be 14/(2 + (-2)/2). Suppose -5*u + 22 = 2*z + 2, m = 4*u + 2*z. What is the units digit of u?
6
Suppose -188 = -5*y + 4*j, 2*j = -y - j + 30. What is the tens digit of y?
3
Let c(f) = -f**3 - 8*f**2 + 2*f + 2. What is the tens digit of c(-9)?
6
Let a(q) = -24*q - 15. Let w be a(-6). Suppose w = r + 3*r + t, 4*r - 127 = t. What is the units digit of r?
2
Suppose g + 5 = 0, -20 = 4*v + v + 2*g. What is the units digit of 11 + 0 + v*1?
9
Let j be (-1)/(-3) - (-2)/3. What is the units digit of (j + -2)*(-18 + 3)?
5
Let y = 21 - 16. Suppose k + 7 = 5*d - 62, -y*k = 20. What is the units digit of d?
3
Let z be 120/18 - (-2)/6. Let p(k) be the third derivative of k**4/8 - 5*k**3/3 - k**2. What is the tens digit of p(z)?
1
Let t(a) = a**2 + 7*a + 8. Let i be t(-6). Let b = i + -1. Suppose 3*j - 2*m + b = 14, 0 = -5*m + 20. What is the units digit of j?
7
Let r(m) = -m**2 + 2*m + 4. Let k(y) = -y - 1. Let s be k(-7). Let o(d) = 2*d - 9. Let l be o(s). What is the units digit of r(l)?
1
Let i be -2*(-3)/(-6) - -11. Let z(t) = -5 + i + t - 3*t. What is the units digit of z(-6)?
7
Suppose -2*j + 13 = 3*u - j, 4*u + 4*j = 4. Let o be (u/8)/((-4)/(-80)). Suppose 4*w - o = w. What is the units digit of w?
5
Let t(d) be the third derivative of 0 + d**2 + 1/24*d**4 + 0*d - 1/2*d**3. What is the units digit of t(6)?
3
Let z = 9 + -4. Let x(u) = u**3 - 5*u**2 + 2*u + 1. Let b be x(z). Let m = -6 + b. What is the units digit of m?
5
Let c be (-1 - 35) + (6 - 4). What is the units digit of c/(-4) + 9/(-6)?
7
Suppose -a - 5*g = -3*g + 7, -3*a - g + 4 = 0. Let q be a/(2/(0 - -4)). What is the tens digit of (-1 + q)/((-2)/(-6))?
1
Suppose -3*n = -24 + 6. Let q = -3 + n. Suppose 0 = 3*x + 3*v - 33, 20 - 5 = q*x - 3*v. What is the units digit of x?
8
Let p(x) = x**2 - 3*x + 1. Let b be p(4). Suppose -3*u = -5*u + i + 3, b*i + 5 = 5*u. What is the units digit of (u/6)/((-5)/(-105))?
7
Suppose 2*l - 58 = 2*t, t - 1 = 3*l - 84. Let z = -21 + l. What is the units digit of z?
6
Suppose 3*b = i + 15, -i + 5*i = -3*b + 15. Suppose -33 = -3*v + b*m, -2*v + 3*v = 2*m + 11. What is the tens digit of v?
1
Let a(h) = -2*h - 2. Let w be -1 + 1 - (7 - 5). Let f be a(w). Suppose -3*d + f*r + 27 = 0, 3*d + 2*r - r = 18. What is the units digit of d?
7
Let o be (3/5)/((-3)/15). What is the tens digit of (-90)/(-3) + (o - -3)?
3
Let j be 0/(2/3*-3). Let m(a) = a - 1. Let c be m(5). Let v = c + j. What is the units digit of v?
4
Suppose 0 = 3*q - 5*q + 62. What is the tens digit of q?
3
Suppose 173 = 4*v - 219. Suppose -2*x = m - 13, x + v = -0*m + 5*m. What is the tens digit of m?
1
Let p = 0 + 6. What is the units digit of 3/(-3) - (-1 - p)?
6
Suppose 3*b + 3 = -3*j + 9, -14 = -j + 3*b. Suppose -3 - 26 = -2*l - 5*n, -l + j*n + 22 = 0. What is the units digit of l?
7
Let q be (-8)/(-2) - (1 + 1). Suppose s - 2 = q. Suppose s*j + 9 = 3*t, 0 = -3*t - j + 3 + 6. What is the units digit of t?
3
Suppose 6*v = 4*v + 2*m + 50, -v + 2*m + 26 = 0. What is the tens digit of v?
2
Let w = 68 + -28. Suppose 0 = -4*v + w - 8. What is the units digit of v?
8
Let p(m) = 0*m - 1 - m**2 + 5*m + 2 + 2*m. What is the units digit of p(7)?
1
Suppose -4*a + 33 - 190 = -3*w, 0 = -4*w + 3*a + 200. Let b = w + -32. What is the tens digit of b?
1
Let w(t) = t + 4. Let h(j) = j**3 + 10*j**2 + 9*j. Let z be h(-9). What is the units digit of w(z)?
4
Let s(d) = -6*d - 1. What is the tens digit of s(-6)?
3
Let u be ((-138)/5)/((-21)/70). Suppose -4*k + 100 = 3*q + 2*q, 4*k + u = 3*q. What is the tens digit of q?
2
Suppose 0 = -57*t + 59*t - 248. What is the tens digit of t?
2
Let v(p) = -5*p - 4. Let h be v(-7). Suppose 4*n - h = 133. What is the units digit of n?
1
Let f = 11 - 8. Suppose -3*y = -2*y - 5*t - 27, 33 = 2*y - f*t. What is the units digit of y?
2
Let r(u) = -u**3 - u**2 + 2*u + 1. Let x be 15/3*(-1)/(-1). Suppose -3 = 3*s + 5*b + 1, -x*b - 7 = 4*s. What is the tens digit of r(s)?
1
Let o be ((-40)/(-15))/(2/3). Suppose 4 = -o*f + 5*f. What is the units digit of f?
4
Let u be 1900/15*6/5. Suppose -114 = 2*m - d + u, -10 = -5*d. What is the units digit of m/(-28) - (-2)/7?
5
Let y = -8 - -14. Suppose 3*l = 2*l + y. Let o = 8 - l. What is the units digit of o?
2
Let d be 5*(-2 + 5)/3. Suppose 5*l + d = -v + 70, -l + 103 = 2*v. Suppose 0 = 4*g - 2*c - v, -5*c = -g - 0*g + 26. What is the tens digit of g?
1
Let r(i) be the first derivative of -2*i**3/3 + 5*i**2/2 - 2*i + 2. Let v be r(3). Let z(h) = -2*h - 7. What is the units digit of z(v)?
3
Let h = 26 - 19. What is the units digit of h?
7
Let y(x) = -3 - 5*x**2 - 5*x + 10 + 4*x**2 - 2*x. Suppose -2*r - 6 = 8. What is the units digit of y(r)?
7
Let s(a) be the second derivative of -26*a**3/3 - a**2/2 - 2*a. Let n be s(-1). Suppose -9 = -o + r, 0*r + r = -5*o + n. What is the tens digit of o?
1
What is the tens digit of 3*159/9*1?
5
Let z(p) = 19*p + p**2 - 28*p - 3 + 23. What is the tens digit of z(8)?
1
What is the tens digit of (-3)/2*(-236)/6?
5
Let a = 10 - -3. Let t(m) = -m. Let r be t(5). Let p = r + a. What is the units digit of p?
8
Let c = -2 + 2. Suppose -5*k = -5*s, -5*k - 3*s + 16 = -c*s. What is the units digit of k?
2
Suppose -5*h + 8 = 3. Let a = 3 - h. What is the units digit of a?
2
Let h(p) = -3*p**2 + 3*p. Let d(x) = -15*x**2 + 16*x - 1. Let i(z) = 2*d(z) - 11*h(z). What is the units digit of i(2)?
8
Let f = -28 + 46. Suppose 2*q = -n - f, -4*q + 4*n - 36 = 5*n. What is the units digit of 9*(12/q - -2)?
6
Let o(x) = x**3 - 2*x**2 + 15. What is the tens digit of o(0)?
1
Let s(j) = -j - 10. Let k = -17 - -3. What is the units digit of s(k)?
4
What is the tens digit of 1/(((-26)/(-84))/13)?
4
Suppose -5*v = 3 - 133. What is the tens digit of v?
2
Let v = 243 - 117. Suppose -r + 6 - 1 = 0. Suppose v - 31 = r*d. What is the tens digit of d?
1
Let z(t) = t**2 + t - 1 + 2*t + t. What is the units digit of z(-5)?
4
Suppose -5*d = -0*d - 665. What is the units digit of d?
3
Let u(t) = -2*t**2 - 5*t + 3. Let m be u(-7). Let r = 115 + m. What is the units digit of r?
5
Let o(u) = -3*u - 2. Let m be o(-2). Let g = m - -3. What is the units digit of g?
7
Suppose -4*n + k + 163 = -2*k, 0 = -n + 2*k + 47. What is the units digit of n?
7
Let k = -27 + 19. Let a = 25 + k. What is the tens digit of a?
1
Let s = 25 + 7. What is the tens digit of s?
3
Suppose 3*n - 5*b - 73 = 0, -3*b - b = -16. What is the tens digit of n?
3
Let m be ((-20)/(-15))/((-2)/(-6)). Suppose 38 = h + 2*n, -m*n + 8 = -5*h + 128. What is the tens digit of h?
2
Let g(q) = -q**3 + 13*q**2 - 12*q + 5. What is the units digit of g(12)?
5
Let l(c) = -c + 3. Let g be l(-4). Let r = -25 - -22. Let d = r + g. What is the units digit of d?
4
Suppose 0 = -5*x - a + 26 + 26, -2*a + 49 = 5*x. Let c = x + 6. What is the units digit of c?
7
Suppose -2*x = -x - 20. What is the units digit of x?
0
Let y be (1*-14)/2 - -1. Let f(x) = x**2 + 2*x - 7. What is the tens digit of f(y)?
1
Suppose 3*c = -4*n - 31, c - 5*n - 40 = 5*c. Let s(i) = -3*i. Let v(y) = y. Let k(u) = -2*s(u) - 7*v(u). What is the units digit of k(c)?
5
Let r(z) be the first derivative of 5*z**3/3 - z - 2. Let o be r(-1). Suppose 0 = o*h + 3*u - 20, 11 = h - 3*u - 9. What is the units digit of h?
8
What is the units digit of (-1 - 29)*(-2 + 1)?
0
Let t = -46 - -67. What is the units digit of t?
1
Suppose 560 = 2*h - 7*h. What is the units digit of 10/(-4)*h/20?
4
Suppose -411 = -4*j + 4*i - 63, -3*i = -2*j + 176. What is the tens digit of j?
8
What is the tens digit of 14 + -12 + (-107)/2*-2?
0
Let u(m) = m**2 - 8*m + 9. Let o be u(7). Suppose 133 = o*q - 19. What is the units digit of (3/6)/(2/q)?
9
Let m be -1 + (11 - 3 - 4). Let v(a) = 6*a**2 - 3*a - 1. Wha